{"id":37,"date":"2025-01-03T08:13:32","date_gmt":"2025-01-03T08:13:32","guid":{"rendered":"https:\/\/buergerverein-bad-duerkheim.de\/?page_id=37"},"modified":"2025-10-23T14:28:57","modified_gmt":"2025-10-23T14:28:57","slug":"seniorenbus","status":"publish","type":"page","link":"https:\/\/buergerverein-bad-duerkheim.de\/index.php\/seniorenbus\/","title":{"rendered":"Seniorenbus"},"content":{"rendered":"\n<p class=\"has-text-align-left\">Mit einem tollen Festakt, den die Stadtverwaltung organisiert hatte, wurde der Seniorenbus am 5. Juni 2025 offiziell und feierlich in Betrieb genommen.<br>Zuk\u00fcnftig teilen sich die Kooperationspartner Stadtverwaltung Bad D\u00fcrkheim und der B\u00fcrgerverein die Aufgaben. Unser Verein betreibt den Bus operativ, die Stadt unterh\u00e4lt das Fahrzeug. Die Stadt Bad D\u00fcrkheim hat zur Anschaffung des Fahrzeugs gro\u00dfz\u00fcgige Spenden von der VR Bank Mittelhaardt eG und der Sparkasse Rhein-Haardt erhalten.<br><a href=\"https:\/\/www.bad-duerkheim.de\/lokales-soziales\/senioren\/seniorenbus\/\">Hier geht es zur Websei<\/a><a href=\"https:\/\/www.bad-duerkheim.de\/lokales-soziales\/senioren\/seniorenbus\/\" target=\"_blank\" rel=\"noreferrer noopener\">te der Stadt Bad D\u00fcrkheim zum Seniorenbus.<\/a><br><br><strong>H\u00e4ufige Fragen:<\/strong><\/p>\n\n\n\n<p><strong>Wie kann man eine Fahrt buchen?<\/strong><br>Per Telefon unter <strong>030 22 90 87 859<\/strong>&nbsp;(Anruf zum Ortstarif).<br><strong>Montag<\/strong> und <strong>Mittwoch<\/strong> von 14:00 bis 16:30 Uhr (au\u00dfer an Feiertagen).<br>Sie k\u00f6nnen gerne bis zu 8 Wochen im Voraus Fahrten buchen.<br><\/p>\n\n\n\n<p><strong>An welchen Tagen f\u00e4hrt der Seniorenbus (au\u00dfer an Feiertagen)?<\/strong><br><strong>Dienstag<\/strong>       08:00 Uhr \u2013 18:00 Uhr<br><strong>Mittwoch<\/strong>      08:00 Uhr &#8211; 13:00 Uhr<br><strong>Donnerstag<\/strong>   08:00 Uhr \u2013 18:00 Uhr<\/p>\n\n\n\n<p><strong>Wen f\u00e4hrt der Seniorenbus?<\/strong><br>Gem\u00e4\u00df unserer Satzung ist unser Verein in der Altenhilfe t\u00e4tig. Zielgruppe des Seniorenbusses sind in erster Linie \u00e4ltere, bewegungseingeschr\u00e4nkte und hilfsbed\u00fcrftige Personen. Medizinische Fahrten, f\u00fcr die eine Krankenkasse die Kosten \u00fcbernimmt, bietet der Seniorenbus nicht an.<\/p>\n\n\n\n<p><strong>Wo f\u00e4hrt der Seniorenbus?<\/strong><br>Zuerst einmal innerhalb der Stadt Bad D\u00fcrkheim mit den Stadtteilen. Sobald wir etwas Betriebserfahrung gesammelt haben, muss entschieden werden, ob es m\u00f6glich ist den Fahrservice auf umliegende Gemeinden auszuweiten.<\/p>\n\n\n\n<p><strong>Gibt es einen Infoflyer?<\/strong><br>Ja, den Infoflyer finden Sie an verschiedenen Stellen in der Stadt, z.B. im Rathaus<br>Den Infoflyer finden Sie <a href=\"https:\/\/buergerverein-bad-duerkheim.de\/wp-content\/uploads\/2025\/10\/Flyer-Seniorenbus-ab-Oktober-2025.pdf\" target=\"_blank\" rel=\"noreferrer noopener\"><strong>hier<\/strong><\/a>:<\/p>\n\n\n\n<p><strong>An wen kann ich mich bei Fragen wenden?<\/strong><br><a href=\"https:\/\/buergerverein-bad-duerkheim.de\/index.php\/kontakt\/\" target=\"_blank\" rel=\"noreferrer noopener\">Hier klicken<\/a> um das Kontaktformular aufzurufen<br>Unter dem Menu &#8222;KONTAKT&#8220; finden Sie auch Telefonnummern.<\/p>\n\n\n\n<p><\/p>\n","protected":false},"excerpt":{"rendered":"<p>Mit einem tollen Festakt, den die Stadtverwaltung organisiert hatte, wurde der Seniorenbus am 5. Juni 2025 offiziell und feierlich in Betrieb genommen.Zuk\u00fcnftig teilen sich die Kooperationspartner Stadtverwaltung Bad D\u00fcrkheim und [&hellip;]<\/p>\n","protected":false},"author":2,"featured_media":527,"parent":0,"menu_order":0,"comment_status":"closed","ping_status":"closed","template":"","meta":{"footnotes":""},"class_list":["post-37","page","type-page","status-publish","has-post-thumbnail","hentry"],"yoast_head":"<!-- This site is optimized with the Yoast SEO plugin v24.2 - https:\/\/yoast.com\/wordpress\/plugins\/seo\/ -->\n<title>Seniorenbus - B\u00fcrgerverein Bad D\u00fcrkheim e.V.<\/title>\n<meta name=\"robots\" content=\"index, follow, max-snippet:-1, max-image-preview:large, max-video-preview:-1\" \/>\n<link rel=\"canonical\" href=\"https:\/\/buergerverein-bad-duerkheim.de\/index.php\/seniorenbus\/\" \/>\n<meta property=\"og:locale\" content=\"de_DE\" \/>\n<meta property=\"og:type\" content=\"article\" \/>\n<meta property=\"og:title\" content=\"Seniorenbus - B\u00fcrgerverein Bad D\u00fcrkheim e.V.\" \/>\n<meta property=\"og:description\" content=\"Mit einem tollen Festakt, den die Stadtverwaltung organisiert hatte, wurde der Seniorenbus am 5. Juni 2025 offiziell und feierlich in Betrieb genommen.Zuk\u00fcnftig teilen sich die Kooperationspartner Stadtverwaltung Bad D\u00fcrkheim und [&hellip;]\" \/>\n<meta property=\"og:url\" content=\"https:\/\/buergerverein-bad-duerkheim.de\/index.php\/seniorenbus\/\" \/>\n<meta property=\"og:site_name\" content=\"B\u00fcrgerverein Bad D\u00fcrkheim e.V.\" \/>\n<meta property=\"article:modified_time\" content=\"2025-10-23T14:28:57+00:00\" \/>\n<meta property=\"og:image\" content=\"https:\/\/buergerverein-bad-duerkheim.de\/wp-content\/uploads\/2025\/06\/07_Fuer-Homepage-1.jpeg\" \/>\n\t<meta property=\"og:image:width\" content=\"2048\" \/>\n\t<meta property=\"og:image:height\" content=\"1536\" \/>\n\t<meta property=\"og:image:type\" content=\"image\/jpeg\" \/>\n<meta name=\"twitter:card\" content=\"summary_large_image\" \/>\n<meta name=\"twitter:label1\" content=\"Gesch\u00e4tzte Lesezeit\" \/>\n\t<meta name=\"twitter:data1\" content=\"2\u00a0Minuten\" \/>\n<script type=\"application\/ld+json\" class=\"yoast-schema-graph\">{\"@context\":\"https:\/\/schema.org\",\"@graph\":[{\"@type\":\"WebPage\",\"@id\":\"https:\/\/buergerverein-bad-duerkheim.de\/index.php\/seniorenbus\/\",\"url\":\"https:\/\/buergerverein-bad-duerkheim.de\/index.php\/seniorenbus\/\",\"name\":\"Seniorenbus - B\u00fcrgerverein Bad D\u00fcrkheim e.V.\",\"isPartOf\":{\"@id\":\"https:\/\/buergerverein-bad-duerkheim.de\/#website\"},\"primaryImageOfPage\":{\"@id\":\"https:\/\/buergerverein-bad-duerkheim.de\/index.php\/seniorenbus\/#primaryimage\"},\"image\":{\"@id\":\"https:\/\/buergerverein-bad-duerkheim.de\/index.php\/seniorenbus\/#primaryimage\"},\"thumbnailUrl\":\"https:\/\/buergerverein-bad-duerkheim.de\/wp-content\/uploads\/2025\/06\/07_Fuer-Homepage-1.jpeg\",\"datePublished\":\"2025-01-03T08:13:32+00:00\",\"dateModified\":\"2025-10-23T14:28:57+00:00\",\"breadcrumb\":{\"@id\":\"https:\/\/buergerverein-bad-duerkheim.de\/index.php\/seniorenbus\/#breadcrumb\"},\"inLanguage\":\"de\",\"potentialAction\":[{\"@type\":\"ReadAction\",\"target\":[\"https:\/\/buergerverein-bad-duerkheim.de\/index.php\/seniorenbus\/\"]}]},{\"@type\":\"ImageObject\",\"inLanguage\":\"de\",\"@id\":\"https:\/\/buergerverein-bad-duerkheim.de\/index.php\/seniorenbus\/#primaryimage\",\"url\":\"https:\/\/buergerverein-bad-duerkheim.de\/wp-content\/uploads\/2025\/06\/07_Fuer-Homepage-1.jpeg\",\"contentUrl\":\"https:\/\/buergerverein-bad-duerkheim.de\/wp-content\/uploads\/2025\/06\/07_Fuer-Homepage-1.jpeg\",\"width\":2048,\"height\":1536},{\"@type\":\"BreadcrumbList\",\"@id\":\"https:\/\/buergerverein-bad-duerkheim.de\/index.php\/seniorenbus\/#breadcrumb\",\"itemListElement\":[{\"@type\":\"ListItem\",\"position\":1,\"name\":\"Startseite\",\"item\":\"https:\/\/buergerverein-bad-duerkheim.de\/\"},{\"@type\":\"ListItem\",\"position\":2,\"name\":\"Seniorenbus\"}]},{\"@type\":\"WebSite\",\"@id\":\"https:\/\/buergerverein-bad-duerkheim.de\/#website\",\"url\":\"https:\/\/buergerverein-bad-duerkheim.de\/\",\"name\":\"B\u00fcrgerverein Bad D\u00fcrkheim e.V.\",\"description\":\"B\u00fcrger helfen B\u00fcrgern\",\"potentialAction\":[{\"@type\":\"SearchAction\",\"target\":{\"@type\":\"EntryPoint\",\"urlTemplate\":\"https:\/\/buergerverein-bad-duerkheim.de\/?s={search_term_string}\"},\"query-input\":{\"@type\":\"PropertyValueSpecification\",\"valueRequired\":true,\"valueName\":\"search_term_string\"}}],\"inLanguage\":\"de\"}]}<\/script>\n<!-- \/ Yoast SEO plugin. -->","yoast_head_json":{"title":"Seniorenbus - B\u00fcrgerverein Bad D\u00fcrkheim e.V.","robots":{"index":"index","follow":"follow","max-snippet":"max-snippet:-1","max-image-preview":"max-image-preview:large","max-video-preview":"max-video-preview:-1"},"canonical":"https:\/\/buergerverein-bad-duerkheim.de\/index.php\/seniorenbus\/","og_locale":"de_DE","og_type":"article","og_title":"Seniorenbus - B\u00fcrgerverein Bad D\u00fcrkheim e.V.","og_description":"Mit einem tollen Festakt, den die Stadtverwaltung organisiert hatte, wurde der Seniorenbus am 5. Juni 2025 offiziell und feierlich in Betrieb genommen.Zuk\u00fcnftig teilen sich die Kooperationspartner Stadtverwaltung Bad D\u00fcrkheim und [&hellip;]","og_url":"https:\/\/buergerverein-bad-duerkheim.de\/index.php\/seniorenbus\/","og_site_name":"B\u00fcrgerverein Bad D\u00fcrkheim e.V.","article_modified_time":"2025-10-23T14:28:57+00:00","og_image":[{"width":2048,"height":1536,"url":"https:\/\/buergerverein-bad-duerkheim.de\/wp-content\/uploads\/2025\/06\/07_Fuer-Homepage-1.jpeg","type":"image\/jpeg"}],"twitter_card":"summary_large_image","twitter_misc":{"Gesch\u00e4tzte Lesezeit":"2\u00a0Minuten"},"schema":{"@context":"https:\/\/schema.org","@graph":[{"@type":"WebPage","@id":"https:\/\/buergerverein-bad-duerkheim.de\/index.php\/seniorenbus\/","url":"https:\/\/buergerverein-bad-duerkheim.de\/index.php\/seniorenbus\/","name":"Seniorenbus - B\u00fcrgerverein Bad D\u00fcrkheim e.V.","isPartOf":{"@id":"https:\/\/buergerverein-bad-duerkheim.de\/#website"},"primaryImageOfPage":{"@id":"https:\/\/buergerverein-bad-duerkheim.de\/index.php\/seniorenbus\/#primaryimage"},"image":{"@id":"https:\/\/buergerverein-bad-duerkheim.de\/index.php\/seniorenbus\/#primaryimage"},"thumbnailUrl":"https:\/\/buergerverein-bad-duerkheim.de\/wp-content\/uploads\/2025\/06\/07_Fuer-Homepage-1.jpeg","datePublished":"2025-01-03T08:13:32+00:00","dateModified":"2025-10-23T14:28:57+00:00","breadcrumb":{"@id":"https:\/\/buergerverein-bad-duerkheim.de\/index.php\/seniorenbus\/#breadcrumb"},"inLanguage":"de","potentialAction":[{"@type":"ReadAction","target":["https:\/\/buergerverein-bad-duerkheim.de\/index.php\/seniorenbus\/"]}]},{"@type":"ImageObject","inLanguage":"de","@id":"https:\/\/buergerverein-bad-duerkheim.de\/index.php\/seniorenbus\/#primaryimage","url":"https:\/\/buergerverein-bad-duerkheim.de\/wp-content\/uploads\/2025\/06\/07_Fuer-Homepage-1.jpeg","contentUrl":"https:\/\/buergerverein-bad-duerkheim.de\/wp-content\/uploads\/2025\/06\/07_Fuer-Homepage-1.jpeg","width":2048,"height":1536},{"@type":"BreadcrumbList","@id":"https:\/\/buergerverein-bad-duerkheim.de\/index.php\/seniorenbus\/#breadcrumb","itemListElement":[{"@type":"ListItem","position":1,"name":"Startseite","item":"https:\/\/buergerverein-bad-duerkheim.de\/"},{"@type":"ListItem","position":2,"name":"Seniorenbus"}]},{"@type":"WebSite","@id":"https:\/\/buergerverein-bad-duerkheim.de\/#website","url":"https:\/\/buergerverein-bad-duerkheim.de\/","name":"B\u00fcrgerverein Bad D\u00fcrkheim e.V.","description":"B\u00fcrger helfen B\u00fcrgern","potentialAction":[{"@type":"SearchAction","target":{"@type":"EntryPoint","urlTemplate":"https:\/\/buergerverein-bad-duerkheim.de\/?s={search_term_string}"},"query-input":{"@type":"PropertyValueSpecification","valueRequired":true,"valueName":"search_term_string"}}],"inLanguage":"de"}]}},"_links":{"self":[{"href":"https:\/\/buergerverein-bad-duerkheim.de\/index.php\/wp-json\/wp\/v2\/pages\/37","targetHints":{"allow":["GET"]}}],"collection":[{"href":"https:\/\/buergerverein-bad-duerkheim.de\/index.php\/wp-json\/wp\/v2\/pages"}],"about":[{"href":"https:\/\/buergerverein-bad-duerkheim.de\/index.php\/wp-json\/wp\/v2\/types\/page"}],"author":[{"embeddable":true,"href":"https:\/\/buergerverein-bad-duerkheim.de\/index.php\/wp-json\/wp\/v2\/users\/2"}],"replies":[{"embeddable":true,"href":"https:\/\/buergerverein-bad-duerkheim.de\/index.php\/wp-json\/wp\/v2\/comments?post=37"}],"version-history":[{"count":34,"href":"https:\/\/buergerverein-bad-duerkheim.de\/index.php\/wp-json\/wp\/v2\/pages\/37\/revisions"}],"predecessor-version":[{"id":744,"href":"https:\/\/buergerverein-bad-duerkheim.de\/index.php\/wp-json\/wp\/v2\/pages\/37\/revisions\/744"}],"wp:featuredmedia":[{"embeddable":true,"href":"https:\/\/buergerverein-bad-duerkheim.de\/index.php\/wp-json\/wp\/v2\/media\/527"}],"wp:attachment":[{"href":"https:\/\/buergerverein-bad-duerkheim.de\/index.php\/wp-json\/wp\/v2\/media?parent=37"}],"curies":[{"name":"wp","href":"https:\/\/api.w.org\/{rel}","templated":true}]}}